3243 a multiple of 140?
False
Is 25 a factor of 84475?
True
Is 7 a factor of 3060064?
True
Is 2583 a multiple of 4?
False
Does 330 divide 156750?
True
Does 20 divide 4724100?
True
Is 2490 even?
True
Is 25 a factor of 12883?
False
Is 59 a factor of 104060?
False
Does 8 divide 5247688?
True
Is 4783209 a multiple of 66?
False
Is 9 a factor of 128124?
True
Does 5 divide 181465?
True
Is 55 a factor of 2075150?
True
Is 56 a factor of 112465?
False
Does 11 divide 26180259?
False
Is 1831110 a multiple of 134?
True
Is 461 a factor of 3688?
True
Is 22 a factor of 1368491?
False
Is 703 a factor of 883671?
True
Is 58 a factor of 384694?
False
Is 40 a factor of 4390291?
False
Is 348 a factor of 2984323?
False
Is 70 a factor of 28509?
False
Is 238 a factor of 748748?
True
Does 5 divide 3829?
False
Is 7892782 a multiple of 7?
False
Is 36 a factor of 1080421?
False
Does 25 divide 266525?
True
Is 35 a factor of 2178064?
False
Is 103502 a multiple of 6?
False
Is 2239292 a multiple of 10?
False
Does 1187 divide 10841384?
False
Is 180835 a multiple of 2?
False
Does 67 divide 370510?
True
Is 12 a factor of 243156?
True
Is 13 a factor of 77454?
True
Is 160275 a multiple of 114?
False
Does 5 divide 5280?
True
Does 1287 divide 1446329?
False
Is 5 a factor of 53860?
True
Is 592512 a multiple of 48?
True
Is 2487121 a multiple of 249?
False
Is 38 a factor of 15268354?
False
Is 117 a factor of 15057549?
True
Is 402 a factor of 751931?
False
Is 1288843 a multiple of 3?
False
Is 133 a factor of 225435?
True
Is 774919 a multiple of 24?
False
Is 44801 a multiple of 13?
False
Is 4 a factor of 28869?
False
Is 21 a factor of 56336?
False
Does 32 divide 2050432?
True
Does 693 divide 67914?
True
Does 12 divide 2238900?
True
Does 21 divide 1415805?
False
Does 150 divide 451800?
True
Does 28 divide 1301720?
True
Is 1466715 a multiple of 277?
True
Is 41723 even?
False
Is 66286 a multiple of 22?
True
Does 90 divide 14236?
False
Is 2862406 a multiple of 13?
False
Does 181 divide 197109?
True
Is 341240 a multiple of 19?
True
Does 270 divide 7803065?
False
Does 8 divide 200296?
True
Is 356470 a multiple of 43?
True
Is 7087 a multiple of 19?
True
Is 464400 a multiple of 216?
True
Is 3178685 a multiple of 190?
False
Does 204 divide 530933?
False
Is 40530 a multiple of 10?
True
Is 55 a factor of 3997064?
False
Is 118 a factor of 8932522?
False
Is 7 a factor of 622355?
False
Does 256 divide 5190778?
False
Is 41296 a multiple of 356?
True
Is 8 a factor of 244256?
True
Is 5613620 a multiple of 20?
True
Does 14 divide 531104?
True
Is 54 a factor of 936007?
False
Is 272958 a multiple of 14?
True
Is 14 a factor of 9842?
True
Is 9 a factor of 631179?
True
Is 1236955 a multiple of 664?
False
Is 16 a factor of 16048?
True
Is 2 a factor of 308?
True
Does 8 divide 562168?
True
Is 1138288 a multiple of 69?
False
Does 6 divide 36886?
False
Is 383154 a multiple of 3?
True
Is 70 a factor of 68862?
False
Is 22 a factor of 62656?
True
Is 52864 a multiple of 284?
False
Is 7367584 a multiple of 496?
True
Does 63 divide 1381842?
True
Is 11491832 a multiple of 13?
False
Is 3272908 a multiple of 17?
True
Is 71214 a multiple of 6?
True
Is 14 a factor of 23072?
True
Is 2027185 a multiple of 74?
False
Is 36 a factor of 1714750?
False
Is 55 a factor of 54065?
True
Is 77 a factor of 114807?
True
Is 28579 a multiple of 173?
False
Is 148963 a multiple of 63?
False
Is 2 a factor of 19670?
True
Does 1866 divide 4210529?
False
Does 9 divide 257139?
True
Is 10 a factor of 193180?
True
Is 2150330 a multiple of 119?
True
Is 10 a factor of 219455?
False
Is 23 a factor of 3476956?
True
Is 6142633 a multiple of 7?
True
Is 5106663 a multiple of 33?
False
Is 194684 a multiple of 17?
True
Is 5383183 a multiple of 13?
True
Is 22960 a multiple of 112?
True
Is 27 a factor of 117153?
True
Does 11 divide 211277?
True
Is 154 a factor of 203588?
True
Is 10 a factor of 62032?
False
Is 712596 a multiple of 129?
True
Is 41643 even?
False
Is 312 a factor of 3243107?
False
Is 150 a factor of 255150?
True
Is 6132660 a multiple of 86?
True
Is 1504500 a multiple of 34?
True
Is 910791 a multiple of 7?
True
Is 149 a factor of 92529?
True
Does 171 divide 407285?
False
Does 156 divide 24479943?
False
Is 241743 a multiple of 183?
True
Is 902922 a multiple of 3?
True
Is 18 a factor of 10944407?
False
Is 220 a factor of 556820?
True
Is 9072045 a multiple of 250?
False
Does 30 divide 855750?
True
Is 110 a factor of 205260?
True
Is 126 a factor of 3884551?
False
Is 41 a factor of 11532316?
True
Is 757 a factor of 20822042?
True
Is 50 a factor of 1992512?
False
Does 29 divide 2861546?
True
Does 153 divide 1570761?
False
Does 159 divide 1580?
False
Is 8992425 a multiple of 115?
True
Is 1267 a factor of 9778706?
True
Is 421330 a multiple of 13?
True
Is 13 a factor of 467831?
True
Is 17290 a multiple of 130?
True
Does 3 divide 83615?
False
Is 48 a factor of 347638?
False
Is 5483828 a multiple of 1409?
True
Does 187 divide 87890?
True
Is 500409 a multiple of 611?
True
Is 5254116 a multiple of 110?
False
Is 7 a factor of 41121?
False
Is 14186303 a multiple of 31?
False
Is 14 a factor of 4673015?
False
Is 23 a factor of 119586?
False
Does 33 divide 128406?
False
Is 42238 a multiple of 276?
False
Does 2 divide 114248?
True
Is 53 a factor of 2785030?
False
Does 38 divide 35493?
False
Is 130 a factor of 32805?
False
Is 7 a factor of 118459?
False
Is 7636307 a multiple of 33?
False
Is 591 a factor of 3141756?
True
Does 43 divide 28728?
False
Is 105485 a multiple of 85?
True
Is 7942 a multiple of 5?
False
Does 120 divide 3586441?
False
Does 46 divide 130368?
False
Is 105183 a multiple of 159?
False
Is 116007 a multiple of 3?
True
Does 15 divide 133673?
False
Is 14 a factor of 14531443?
False
Does 926 divide 679684?
True
Is 105 a factor of 850080?
True
Is 80523 a multiple of 80?
False
Is 100 a factor of 1714300?
True
Is 117 a factor of 277290?
True
Is 4701759 a multiple of 455?
False
Is 973461 a multiple of 71?
False
Is 920456 a multiple of 10?
False
Is 27 a factor of 2897292?
False
Is 4 a factor of 198703?
False
Is 163707 a multiple of 21?
False
Does 13 divide 78858?
True
Is 7 a factor of 1819790?
True
Does 141 divide 161689?
False
Is 515970 a multiple of 42?
True
Does 163 divide 158599?
True
Is 76 a factor of 3361193?
False
Is 147321 a multiple of 141?
False
Is 460 a factor of 708199?
False
Does 1078 divide 1908449?
False
Is 191 a factor of 1343876?
True
Is 33 a factor of 12639?
True
Is 368932 a multiple of 7?
False
Is 141053 a multiple of 5?
False
Is 122428 a multiple of 81?
False
Does 81 divide 234514?
False
Is 15769 a multiple of 2?
False
Does 11 divide 4554275?
True
Does 99 divide 728640?
True
Is 24518 a multiple of 41?
True
Is 133 a multiple of 95?
False
Is 14 a factor of 11176748?
False
Does 26 divide 18351552?
False
Does 7 divide 83021?
False
Is 26779086 a multiple of 21?
False
Does 431 divide 769335?
True
Does 91 divide 160888?
True
Is 139 a factor of 439796?
True
Does 26 divide 117399?
False
Is 27962 a multiple of 11?
True
Is 3920943 a multiple of 196?
False
Is 829545 a multiple of 29?
True
Does 14 divide 7592258?
False
Is 11971362 a multiple of 299?
True
Is 123 a factor of 8302?
False
Is 1072511 a multiple of 3?
False
Does 523 divide 14042027?
True
Does 1184 divide 5340839?
False
Does 10 divide 869451?
False
Is 122 a factor of 123811?
False
Is 82836 a multiple of 36?
True
Is 26 a factor of 231614?
False
Does 35 divide 134990?
False
Is 2600480 a multiple of 8?
True
Is 4691962 a multiple of 22?
True
Does 63 divide 66402?
True
Does 13 divide 117103?
False
Is 5536517 a multiple of 18?
False
Does 15 divide 3136284?
False
Is 363950 a multiple of 251?
True
Is 521 a factor of 422010?
True
Is 14639741 a multiple of 42?
False
Is 1347291 a multiple of 99?
True
Is 60 a factor of 40380?
True
Does 79 divide 1391669?
False
Is 100155 a multiple of 15?
True
Is 2776208 a multiple of 334?
True
Does 32 divide 15113670?
False
Does 233 divide 5313?
False
Is 1261 a factor of 2733405?
False
Does 7 divide 599429?
False
Does 7 divide 341688?
False
Is 965497 a multiple of 101?
False
Is 175670 a multiple of 11?
True
Is 814874 a multiple of 32?
False
Is 10205706 a multiple of 42?
True
Does 83 divide 139855?
True
Does 5 divide 21030?
True
Does 113 divide 422959?
True
Does 1184 d